{"id":18,"date":"2025-10-11T16:47:18","date_gmt":"2025-10-11T20:47:18","guid":{"rendered":"https:\/\/msosasilva.dectim.ca\/webjam\/?page_id=18"},"modified":"2025-10-11T20:56:10","modified_gmt":"2025-10-12T00:56:10","slug":"accueil","status":"publish","type":"page","link":"https:\/\/msosasilva.dectim.ca\/webjam\/","title":{"rendered":"Contacts"},"content":{"rendered":"\n<h2 class=\"wp-block-heading\">Pr\u00e9sentation du tout nouveau Contacts<\/h2>\n\n\n\n<p>Alors que la culture g\u00e9n\u00e9rale est mise en danger par le gouvernement, il est important de r\u00e9sister. Gr\u00e2ce au tout nouveau Contacts, prenez votre culture en main et r\u00e9sistez \u00e0 l\u2019envahisseur!<\/p>\n\n\n\n<p><\/p>\n","protected":false},"excerpt":{"rendered":"<p>Pr\u00e9sentation du tout nouveau Contacts Alors que la culture g\u00e9n\u00e9rale est mise en danger par le gouvernement, il est important de r\u00e9sister. Gr\u00e2ce au tout nouveau Contacts, prenez votre culture en main et r\u00e9sistez \u00e0 l\u2019envahisseur!<\/p>\n","protected":false},"author":3,"featured_media":55,"parent":0,"menu_order":0,"comment_status":"closed","ping_status":"closed","template":"","meta":{"_acf_changed":false,"footnotes":""},"class_list":["post-18","page","type-page","status-publish","has-post-thumbnail","hentry"],"acf":[],"_links":{"self":[{"href":"https:\/\/msosasilva.dectim.ca\/webjam\/wp-json\/wp\/v2\/pages\/18","targetHints":{"allow":["GET"]}}],"collection":[{"href":"https:\/\/msosasilva.dectim.ca\/webjam\/wp-json\/wp\/v2\/pages"}],"about":[{"href":"https:\/\/msosasilva.dectim.ca\/webjam\/wp-json\/wp\/v2\/types\/page"}],"author":[{"embeddable":true,"href":"https:\/\/msosasilva.dectim.ca\/webjam\/wp-json\/wp\/v2\/users\/3"}],"replies":[{"embeddable":true,"href":"https:\/\/msosasilva.dectim.ca\/webjam\/wp-json\/wp\/v2\/comments?post=18"}],"version-history":[{"count":8,"href":"https:\/\/msosasilva.dectim.ca\/webjam\/wp-json\/wp\/v2\/pages\/18\/revisions"}],"predecessor-version":[{"id":64,"href":"https:\/\/msosasilva.dectim.ca\/webjam\/wp-json\/wp\/v2\/pages\/18\/revisions\/64"}],"wp:featuredmedia":[{"embeddable":true,"href":"https:\/\/msosasilva.dectim.ca\/webjam\/wp-json\/wp\/v2\/media\/55"}],"wp:attachment":[{"href":"https:\/\/msosasilva.dectim.ca\/webjam\/wp-json\/wp\/v2\/media?parent=18"}],"curies":[{"name":"wp","href":"https:\/\/api.w.org\/{rel}","templated":true}]}}